 z?
32
Suppose 5*j + 35 = -5*b, -5*j - 2*b + 0*b - 20 = 0. Let a be j*(156/(-8) - 0). Calculate the greatest common factor of 13 and a.
13
Suppose -p + 0*p + 2 = 0, -4*p - 27 = -q. Let x be 1/((4/(-20))/(-1)). Calculate the highest common factor of x and q.
5
Let g be (-20605)/(-35) - (-2)/7. Suppose 3*j - g = -p, 0*j + 406 = 2*j - 2*p. Let b be 320/18 - (-6)/27. What is the highest common divisor of b and j?
18
Suppose -x + 72 = 3*x - 2*n, -2*x + 5*n = -44. Calculate the highest common factor of 136 and x.
17
Let l be 2/2 - (57 + -2). Let f be l/(-15) + (-12)/(-30). What is the greatest common divisor of 20 and f?
4
Let t(w) = 18*w + 5. Let o be 7 + (-2 - -4 - 5). Let a be t(o). What is the highest common divisor of 7 and a?
7
Suppose 3*j - 20 = 16. What is the greatest common factor of j and 96?
12
Let w = -27 + 199. Calculate the highest common divisor of w and 43.
43
Let c = -19 + 16. Let n be (-1)/(c/24 - 0). What is the highest common divisor of n and 8?
8
Let r = 5 - -7. Suppose -3*q + 5*q - 60 = 0. What is the greatest common factor of r and q?
6
Suppose 0 = -2*w - 4, -k - w = k - 6. Suppose 8 = l + 2*o, 2*o - 7*o = -k*l - 20. Suppose l = 5*i - 0*i - 60. What is the highest common divisor of 36 and i?
12
Suppose -2*x + 66 = -12. Let k be (-6)/(-36)*-2 + (-79)/(-3). Calculate the highest common factor of x and k.
13
Let w = -2 - -50. Calculate the greatest common factor of w and 96.
48
Let b be (3 + -3)/3 - -6. Suppose -4*o - 2 = -b*o. Calculate the greatest common factor of 4 and o.
1
Let i be -1 - (36/(-2))/2. Let s be (i - (2 + -2))*13. Let n = -4 + 17. Calculate the highest common divisor of n and s.
13
Suppose -87 - 281 = -4*x. Suppose 0 = 5*a + 5*o - 140, -a - 3*a - 3*o + 107 = 0. What is the greatest common factor of a and x?
23
Let q = 33 + -17. Suppose l = 4*m - m - 51, 2*l = 3*m - 54. Let b = m - -160. Calculate the highest common factor of b and q.
16
Let o be (-6)/(-4)*(-60)/(-5). Suppose -d = 3*d - 72. Calculate the greatest common divisor of d and o.
18
Let o = 16 + -16. Suppose o = 8*m - 3*m - 5*w - 125, -4*m = w - 95. Calculate the greatest common factor of m and 16.
8
Let h be 1 + 3 - 6/3. Suppose 0 = h*c + 2*c + 64. Let o = -2 - c. Calculate the greatest common factor of o and 14.
14
Let g be ((-1)/(-2))/((-2)/4). Let b be (10/(-6))/(g/3). Calculate the greatest common factor of b and 20.
5
Let c be (-2)/(2/4*-4). What is the greatest common factor of 8 and c?
1
Let a be 51 + (60/(-5))/(-3). What is the highest common divisor of 10 and a?
5
Let o be -1 - ((-39)/91 - (-148)/(-14)). What is the greatest common factor of 110 and o?
10
Let g = 25 + -18. Suppose f = -3*f + 252. What is the highest common factor of f and g?
7
Let j = 25 - 41. Let i be (-5 - -5) + j/(-2). Suppose -3*d + 141 = -51. What is the greatest common factor of d and i?
8
Suppose h + 3*a = 2*h - 43, 20 = -4*a. Suppose 2*o - 5*o - 18 = 0. Let d(k) = -2*k - 5. Let m be d(o). Calculate the greatest common divisor of h and m.
7
Suppose 2*l = -0*l - y + 5, y - 11 = -4*l. Suppose d + l*d = 80. Let q(g) = 31*g**2 + 2*g + 1. Let k be q(-1). What is the highest common factor of d and k?
10
Let g(h) = h - 1. Let s(y) = -y**3 - 12*y**2 - 12*y + 11. Let m(w) = g(w) + s(w). Let p be m(-11). What is the greatest common divisor of 90 and p?
10
Let n be ((-31)/(-2))/((-8)/(-16)). Suppose -5*a - 3*z = -129, 4*a - 5*a + 2*z = -n. What is the greatest common factor of 18 and a?
9
Let g(b) = -6*b**3 - b**2 + 2*b - 1. Let h be g(-2). Calculate the highest common factor of h and 13.
13
Suppose 2*t + 8 = 3*b - 2*b, -4*t - 20 = 0. Let l be b/4*(-3 - 1). What is the greatest common factor of 1 and l?
1
Suppose -3*q + 0 = -12. Suppose 5*c = -3*t + 63, 2*t + 59 = 5*c + t. Calculate the highest common factor of c and q.
4
Suppose -4*h + 12 = 0, -u + 3*h = -5*u + 73. Suppose -r = -u - 3. Calculate the highest common divisor of r and 38.
19
Let j = -43 - -75. Calculate the highest common factor of j and 128.
32
Let q(h) = -h**3 + 6*h**2 + h + 14. Let v be q(6). What is the greatest common factor of v and 10?
10
Suppose 2 = -3*l + 4*l. Suppose -v + 5 = l. Suppose -5*s = -v*s - 52. What is the highest common divisor of 39 and s?
13
Let q(i) = i**3 + 2*i**2 - 10*i - 2. Let t be q(-4). Let u = 16 - t. Calculate the highest common divisor of 110 and u.
10
Let g(z) = 4*z - 1. Let b(t) = t - 8. Let l be b(9). Let j be g(l). Suppose -5*f - 2 = 5*q - f, -8 = 2*q + 4*f. What is the greatest common factor of j and q?
1
Suppose -10 = -2*q + 2. Let g = q + -7. Let c(k) = -152*k**3. Let i be c(g). What is the highest common divisor of i and 19?
19
Let d be ((-8)/6)/(2/(-6)). Let w = d + 7. Let k = 41 + -19. Calculate the highest common divisor of w and k.
11
Suppose 0 = -w - f + 36, -8*w - 2*f = -4*w - 136. Let r = 137 - 89. What is the highest common factor of w and r?
16
Let h(a) = -a. Let f(y) = -150*y. Let d(p) = -f(p) - 120*h(p). Let m be d(1). Calculate the highest common divisor of m and 27.
27
Suppose 0 = 3*v - 20 - 7. Let f(h) = -h**3 - 6*h**2 - 8*h + 6. Let x be f(-6). Calculate the highest common factor of v and x.
9
Suppose 0 = -4*v - v - 130. Let b = v - -82. Calculate the highest common divisor of 14 and b.
14
Let s = -19 + 12. Let t be s/(-2)*2*19. What is the greatest common factor of t and 19?
19
Let n be 1 - (0 + 6 - -3). Let h = n - -12. Calculate the highest common factor of 8 and h.
4
Let u be (0/(-3))/2 - 7. Let z be (-534)/u + (-6)/21. What is the greatest common divisor of z and 19?
19
Let w be (-6)/(-8) + (162/8)/1. Calculate the greatest common divisor of w and 3.
3
Let j(a) = a + 1. Let x be j(2). Suppose -36 = 4*q - x*u - 213, 3*q - 169 = -5*u. Let l = -38 - -44. What is the greatest common factor of l and q?
6
Suppose 21 + 30 = 3*o. Suppose 740 = 4*n + 2*q, 142 - 886 = -4*n - q. What is the highest common divisor of o and n?
17
Let b = -64 - -115. Calculate the greatest common divisor of 34 and b.
17
Suppose -5*p + 5 = 4*u + 3, -5*p = u - 8. Let c be 4/6 - 10/6. Let x be -4*c*1/2. Calculate the highest common divisor of p and x.
2
Let c(x) = 15 - 3*x + 6 + 4*x. Let g be c(0). What is the greatest common factor of g and 14?
7
Let h = -4 + 20. Suppose -4*d + 8 = -8. What is the highest common divisor of h and d?
4
Let d = 2 + 2. Let o(j) = -47*j**3 + j**2 + j. Let k be o(-1). Suppose d*c - 21 - k = 0. Calculate the highest common factor of c and 119.
17
Suppose -17*v + 9*v + 192 = 0. Calculate the greatest common divisor of 16 and v.
8
Let b = -1 - -1. Suppose b - 7 = -x. Let h be (1 - 1 - 1)*-1. Calculate the highest common factor of x and h.
1
Let c = -623 + 413. Let j = 4 - 8. Let g be (32/24)/(j/c). Calculate the highest common divisor of 10 and g.
10
Let j = 85 - 47. Suppose 2*d - 20 = -2*v, 5*v + 0*d = -d + j. Suppose 5*g - 25 = 0, -n + 3*g = 2*n - 216. What is the greatest common factor of v and n?
7
Suppose -45 = -4*s - 3*c, -2*s - 3*c + 15 = -4*c. What is the highest common divisor of s and 36?
9
Suppose -a = -4 + 2. Suppose -a*w = -20 + 8. Calculate the greatest common factor of 3 and w.
3
Let d = -19 + 28. Calculate the greatest common divisor of 18 and d.
9
Let g(h) = h + 1. Let s be g(-4). Let r be (-204)/8*2/s. Calculate the greatest common factor of 85 and r.
17
Suppose 10 = 2*h - 4*p + 26, 3*p = 15. Suppose -1 = h*a - 5. Suppose a*v = 2, -2*w = -5*w - 2*v + 242. Calculate the highest common factor of 10 and w.
10
Let k(x) = -2*x + 7. Let u be k(5). Let d = 14 - u. Calculate the greatest common factor of d and 187.
17
Suppose -3*t + 2*t = 3. Let i be -53*(1*-3)/t. Let r = -38 - i. Calculate the greatest common factor of r and 30.
15
Suppose 0 = -z + 6*d - 2*d - 69, -5*z = d + 303. Let t = z - -89. What is the greatest common divisor of 42 and t?
14
Let s be (4 - 60/18) + (-40)/(-3). What is the greatest common divisor of 7 and s?
7
Let k(y) = -y**3 + 3*y**2 - 4*y - 2. Let r be k(-2). What is the greatest common divisor of 91 and r?
13
Let d(p) = -p**2 + 8*p + 2. Suppose 5*x + 0 = 80. Suppose a + a - x = 0. Let k be d(a). What is the greatest common divisor of 6 and k?
2
Let k = -55 + 91. Let c = 16 + -4. Suppose -c = -2*m - m. What is the greatest common divisor of m and k?
4
Suppose -5*i - 3*o = -37, 5 = 2*i + o - 10. Calculate the highest common d